culate the greatest common divisor of w and 16.
16
Suppose -4*l = -28 + 12. Suppose -4*t - 5*g + 156 = 0, -2*g - 172 = -4*t - 3*g. What is the highest common divisor of l and t?
4
Let y be (-4)/10 - 585/(-25). What is the greatest common divisor of y and 23?
23
Let k be (-10)/(1 - 18/12). Calculate the greatest common factor of 20 and k.
20
Let i(t) = 2*t - 6. Let m be i(6). Let o(p) = -p**3 - 4*p - 3 - m*p**2 + 2*p + 5. Let v be o(-6). What is the highest common factor of 14 and v?
14
Suppose 4*n = 22*n - 396. Let b = -38 + 60. Calculate the greatest common divisor of b and n.
22
Let s be 10/(-25)*(-680)/2. Calculate the highest common divisor of s and 17.
17
Let y(o) = o**3 + 6*o**2 - 8*o - 8. Let b(s) = 3*s + 6. Let p be b(-4). Let d be y(p). Calculate the greatest common divisor of 5 and d.
5
Suppose 4 = n + c + 2, 0 = c. Calculate the highest common factor of 16 and n.
2
Let p = -1 - -5. Suppose 46 = p*m + 2. What is the greatest common factor of m and 44?
11
Suppose 15 + 5 = 5*q. Let l(h) = -8*h - 36. Let b be l(-7). What is the greatest common factor of b and q?
4
Suppose 2 = z - 2. Suppose 0*f - f = 0. Suppose 4*h + 4*p + f - 12 = 0, -h + 6 = -2*p. Calculate the highest common factor of z and h.
4
Suppose 0*b - 13 = t - 5*b, 0 = 2*b - 10. Let w = 63 + -27. Calculate the highest common divisor of t and w.
12
Let p(i) = 2*i - 5. Let g be p(4). Let x(r) = r**2 - 9*r + 5. Let n = 21 - 11. Let l be x(n). What is the greatest common factor of l and g?
3
Let x = 15 - 21. Let d(v) = -6*v - 6. Let l be d(x). What is the highest common divisor of l and 120?
30
Let d(p) = 90*p**2 - p - 1. Let n be d(-1). Let z be (-142)/(-8) + 4/16. Calculate the highest common divisor of n and z.
18
Let v = -6 + 44. Let i(r) = -r**2 - 6*r - 7. Let u be i(-9). Let d be (-10)/(-1 - u/38). Calculate the highest common factor of d and v.
19
Suppose 0 = 58*w - 55*w - 252. Let d(h) = -h**3 + 5*h**2 - 2. Let q be d(5). Let i be q - -15 - (2 + -1). Calculate the highest common divisor of w and i.
12
Let l(s) = 3*s**2 + 9*s + 6. Let z be l(-10). What is the highest common divisor of z and 27?
27
Suppose -4*b = -4*u + 776, -3*b + 467 = 4*u - 337. Suppose 5*n + 3*w - 106 = w, -4*w = 8. Calculate the greatest common factor of n and u.
22
Let f be (-2)/(-8) + (-140)/(-16). Let u be ((-3)/f)/((-1)/33). Let w be (-6 - -4)/((-2)/u). What is the highest common factor of w and 44?
11
Let g(p) = -p**2 + 10*p - 7. Let y be g(9). Let w = 3 - y. Suppose 0 = -3*f - 3*l - l + 9, 5*f = -5*l + 20. What is the highest common divisor of w and f?
1
Suppose -3*i + 19 = -5. Suppose -c - c = -i. Let y be 12 + -1 + (-4)/c. Calculate the highest common divisor of 10 and y.
10
Let u(a) = -a**2 - 15. Let v be u(0). Let i be (-1)/5 + (-843)/v. Let r = 30 - 23. Calculate the greatest common factor of i and r.
7
Let v(o) = -o**3 - 8*o**2 - 2*o - 12. Let y be v(-8). Let c = y + 14. Suppose -c - 22 = -5*b. What is the highest common factor of 8 and b?
8
Let s(j) = j**3 + 2*j**2 - 2*j + 114. Let y be s(0). Calculate the highest common divisor of 38 and y.
38
Let c be 63/4 - 7/(-28). Suppose 0 = y - 6*y + 80. What is the highest common divisor of y and c?
16
Let p = 15 + 1. Suppose 0 = 64*t - 69*t + 560. What is the highest common factor of t and p?
16
Suppose 51 = -t + 171. Let n(k) = 3*k**2 - 5*k + 3. Let i be n(3). Calculate the greatest common factor of t and i.
15
Suppose 0 = p + 3*v - 32, 56 = 2*p + 3*v + 1. Suppose -11 = -2*k + p. Calculate the highest common divisor of 68 and k.
17
Let r = -4 - -6. Suppose -4*m = -r*l - 12, -l = 4*l + 3*m - 35. Calculate the highest common divisor of l and 36.
4
Suppose -8*m + 5*l - 8 = -5*m, -5*m + 4 = -4*l. Let o = 2 - -6. What is the greatest common divisor of m and o?
4
Let p(z) = -z**2 - z + 5 + 9 + 25. Let b be p(0). Calculate the highest common factor of 26 and b.
13
Let g(k) = -2*k**3 - 3*k**2 - k + 2. Let y be g(-2). Suppose 5*x + 2*h - 11 = 43, 54 = 4*x - 2*h. What is the greatest common factor of y and x?
4
Suppose 0 = 5*y + 40 - 110. Let t = -20 + 24. Let g be 17 + t - 1 - -1. Calculate the highest common factor of g and y.
7
Let g(s) = 19*s**2 - 3*s + 3. Let i be g(2). Suppose -2*r + 23 = -i. What is the greatest common divisor of r and 12?
12
Suppose -2 = 3*o - 8. Suppose 42 = -p - 3*i + 199, 142 = p - o*i. Let f = p + 42. What is the highest common divisor of 19 and f?
19
Let w = -3 - -5. Suppose -5*l = -w*l - 30. Calculate the highest common divisor of l and 50.
10
Suppose 5*c = 4*g + 100, 4*c + g - 76 = 5*g. What is the highest common factor of 6 and c?
6
Let z(r) = -15*r + 2. Let v be z(-5). What is the highest common factor of 7 and v?
7
Let v(b) = 7*b**2 + 29*b + 8. Let w(n) = 3*n**2 + 14*n + 4. Let h(p) = 2*v(p) - 5*w(p). Let a be h(-8). Calculate the greatest common factor of a and 70.
14
Suppose 4*h + 4*i = -7 - 9, -5*i - 10 = 0. Let x be (-1)/h*-2 - -11. What is the highest common divisor of 40 and x?
10
Let p be 2 + (1*164 - -1). Suppose 5*d - 159 = g - 4*g, 0 = 5*d - g - p. What is the highest common factor of d and 22?
11
Suppose d + 4*s = 20, 5*d - 2*s - 3*s - 50 = 0. Suppose 6 = 5*f + 1. Let r = d - f. What is the greatest common factor of 121 and r?
11
Let u(p) = -3*p**3 + p**2 - p - 2. Let o be u(-2). Calculate the highest common divisor of 364 and o.
28
Let x = 4 - 7. Let l(o) = o + 3. Let z be l(x). Let f = 1 + z. Calculate the highest common factor of f and 4.
1
Let d be (-1 + -19)/((-6)/18) + -4. What is the greatest common divisor of 140 and d?
28
Suppose 0 = -u + 6*u - 25. Let a(o) = o**3 - 2*o**2 - 3*o. Let d be a(u). Let l be d/14 - 2/7. Calculate the greatest common divisor of 32 and l.
4
Let r(a) be the second derivative of -a**3 - 2*a**2 + 22*a. Let d = 1 - 5. Let l be r(d). What is the highest common factor of l and 140?
20
Suppose 14*h - 24 = 13*h. Let a be (-4)/(-6) - 178/(-3). What is the greatest common divisor of a and h?
12
Let i = -5 + 8. Suppose -4*t = -t + 3*d - 9, 0 = -i*t - d + 5. What is the highest common divisor of t and 5?
1
Let y = 69 - 65. Calculate the greatest common divisor of 60 and y.
4
Let m(i) = -2*i + 4. Let c be m(5). Let z be (-3)/c*26 - 2. Calculate the highest common divisor of z and 44.
11
Let h(o) = -5*o + 21. Let l be h(-15). Let d be (-3 + -5)*6/(-4). Calculate the greatest common divisor of l and d.
12
Suppose -5*l + 6 = -4*l. What is the highest common factor of l and 18?
6
Let r be (-1 + 4)/(1/12). Let l = 117 + -114. Let v be 1 + (r - (l + -5)). Calculate the greatest common factor of 26 and v.
13
Let o(c) = c**3 + 2*c**2 - 3*c + 3. Let s be o(2). Let z = s - 7. What is the highest common factor of z and 24?
6
Let b be -1 + -1 + 1 + 32. What is the greatest common factor of b and 93?
31
Let d be 2/(-1*2)*-2. Suppose 4*r - d*w = 32, 4*r + r = 3*w + 42. Let c be (-3 - 0)*(-10)/r. What is the greatest common factor of 45 and c?
5
Suppose -s - 16 - 2 = 5*x, -5*s - 3*x + 20 = 0. Let j(p) = -p**3 + 7*p**2 + p + 3. Let l be j(s). Calculate the greatest common factor of 2 and l.
2
Let b(r) = 2*r + 1. Let m be b(1). Let d(f) = -12*f**2 + f - 3. Let o be d(-2). Let s be o/(-2) - (-2)/4. Calculate the highest common factor of s and m.
3
Suppose 0 = 18*s - 19*s + 176. What is the highest common divisor of 22 and s?
22
Let j(v) = -2*v. Let s(q) = -q - 9. Let z be s(-7). Let p be j(z). What is the greatest common factor of p and 4?
4
Let o be 0/((-2 + -4)/3). Let j = 8 + o. Suppose 5*t = 17 + j. What is the highest common factor of t and 5?
5
Let l = 9 - 15. Let k(v) be the first derivative of v**3/3 - v**2/2 + 8*v + 1. Let q be k(l). Calculate the highest common divisor of q and 20.
10
Let o(c) = -c**2 - 17*c - 10. Let g be o(-13). What is the greatest common factor of g and 6?
6
Let b(o) = o + 3. Let r(i) = i**2 - i - 1. Let x be r(3). Let f be b(x). Calculate the highest common factor of f and 64.
8
Suppose 3*y - 4 = -y. Suppose 0 = 2*n + 3*n + 65. Let q = -9 - n. Calculate the highest common divisor of q and y.
1
Suppose 0*u = -u + 60. Calculate the greatest common factor of 12 and u.
12
Suppose 2*q - 9 = 5*z, 2*q - z = 6*q - 29. Let s be (-2)/(-5) - (-1149)/15. Calculate the greatest common factor of q and s.
7
Suppose -b + 5*u = -47, 0 = 3*b - b + u - 83. Let i = 3 + -5. Let r be 8 + (2 